ple of 4?
False
Does 139 divide 1698?
False
Is 32 a factor of 8672?
True
Does 39 divide 1581?
False
Is 15 a factor of 393?
False
Is 14 a factor of 4312?
True
Does 30 divide 674?
False
Is 2 a multiple of 2?
True
Is 804 a multiple of 67?
True
Does 85 divide 1360?
True
Is 45 a factor of 1253?
False
Does 15 divide 3060?
True
Is 9 a factor of 72?
True
Does 22 divide 15637?
False
Does 22 divide 89504?
False
Does 11 divide 13760?
False
Is 18 a factor of 281?
False
Is 709 a multiple of 46?
False
Is 1761 a multiple of 17?
False
Is 213 a multiple of 3?
True
Is 26 a factor of 1304?
False
Is 25 a factor of 5952?
False
Is 19 a factor of 9667?
False
Is 10 a factor of 6070?
True
Does 3 divide 151?
False
Is 89 a factor of 1068?
True
Is 34 a factor of 15110?
False
Does 263 divide 79935?
False
Is 27 a factor of 9936?
True
Does 16 divide 3667?
False
Is 37 a factor of 1555?
False
Is 10115 a multiple of 17?
True
Does 3 divide 136?
False
Does 9 divide 1733?
False
Does 23 divide 5888?
True
Is 1735 a multiple of 8?
False
Is 158 a factor of 15518?
False
Does 112 divide 15344?
True
Does 13 divide 3055?
True
Does 8 divide 1482?
False
Is 12 a factor of 2831?
False
Is 15692 a multiple of 237?
False
Is 3 a factor of 1467?
True
Is 17 a factor of 8517?
True
Is 11644 a multiple of 116?
False
Is 9 a factor of 1791?
True
Does 29 divide 25375?
True
Does 8 divide 1246?
False
Does 14 divide 616?
True
Is 82820 a multiple of 25?
False
Is 21095 a multiple of 78?
False
Is 41 a multiple of 2?
False
Is 7663 a multiple of 79?
True
Is 56 a factor of 224?
True
Is 60 a factor of 12724?
False
Does 97 divide 19497?
True
Does 15 divide 1989?
False
Is 1679 a multiple of 52?
False
Is 4416 a multiple of 16?
True
Is 3960 a multiple of 55?
True
Is 11 a factor of 3438?
False
Is 54098 a multiple of 262?
False
Is 2610 a multiple of 29?
True
Is 17575 a multiple of 95?
True
Does 27 divide 29?
False
Is 383 a multiple of 87?
False
Is 21 a factor of 41622?
True
Is 7544 a multiple of 9?
False
Does 9 divide 972?
True
Does 10 divide 4106?
False
Does 28 divide 3976?
True
Is 6 a factor of 10?
False
Does 77 divide 15770?
False
Is 143 a factor of 25597?
True
Does 2 divide 186?
True
Is 4061 a multiple of 64?
False
Does 13 divide 51762?
False
Does 268 divide 111220?
True
Is 5 a factor of 15?
True
Is 141 a factor of 94229?
False
Is 1458 a multiple of 9?
True
Is 1725 a multiple of 115?
True
Is 13 a factor of 40?
False
Is 13 a factor of 20997?
False
Does 13 divide 364?
True
Is 2808 a multiple of 8?
True
Is 383 a multiple of 70?
False
Is 7200 a multiple of 50?
True
Does 12 divide 1284?
True
Is 39 a multiple of 15?
False
Is 49 a factor of 6909?
True
Does 29 divide 8940?
False
Does 12 divide 23854?
False
Is 64 a factor of 128?
True
Is 60 a multiple of 5?
True
Does 51 divide 51?
True
Is 14 a factor of 905?
False
Is 5947 a multiple of 101?
False
Is 38 a factor of 228?
True
Is 18 a factor of 792?
True
Is 2653 a multiple of 28?
False
Is 9 a factor of 1773?
True
Does 6 divide 159?
False
Is 1086 a multiple of 6?
True
Is 22 a factor of 444?
False
Is 3925 a multiple of 10?
False
Does 16 divide 1279?
False
Is 42 a factor of 1428?
True
Is 10 a factor of 2627?
False
Does 6 divide 596?
False
Does 348 divide 96301?
False
Does 15 divide 5081?
False
Is 1637 a multiple of 45?
False
Is 12 a factor of 9624?
True
Is 22 a factor of 1428?
False
Is 936 a multiple of 6?
True
Does 15 divide 860?
False
Is 39 a factor of 7995?
True
Does 8 divide 979?
False
Is 16 a factor of 30512?
True
Does 87 divide 12147?
False
Is 927 a multiple of 46?
False
Is 624 a multiple of 12?
True
Is 670 a multiple of 67?
True
Does 28 divide 6328?
True
Is 1437 even?
False
Is 2115 a multiple of 6?
False
Is 42 a factor of 210?
True
Is 973 a multiple of 7?
True
Does 25 divide 325?
True
Is 147 a multiple of 4?
False
Is 37288 a multiple of 118?
True
Is 6752 a multiple of 32?
True
Is 37 a factor of 6660?
True
Is 12 a factor of 15228?
True
Is 39 a factor of 11440?
False
Is 6151 a multiple of 72?
False
Is 3927 a multiple of 9?
False
Is 577 a multiple of 10?
False
Is 355 a factor of 117505?
True
Is 10 a factor of 13010?
True
Is 33087 a multiple of 41?
True
Is 23 a factor of 15617?
True
Is 163 a factor of 29183?
False
Is 102 a factor of 6992?
False
Does 3 divide 243?
True
Is 42 a factor of 2880?
False
Is 16512 a multiple of 50?
False
Does 23 divide 825?
False
Is 3 a factor of 77?
False
Does 191 divide 28267?
False
Is 14817 a multiple of 154?
False
Is 11 a factor of 3208?
False
Is 3701 even?
False
Is 18 a factor of 1305?
False
Does 177 divide 26697?
False
Is 7 a factor of 379?
False
Is 1278 a multiple of 6?
True
Is 38851 a multiple of 14?
False
Is 3038 a multiple of 7?
True
Does 13 divide 23125?
False
Is 2 a factor of 8010?
True
Is 2358 a multiple of 18?
True
Does 12 divide 19752?
True
Does 18 divide 3368?
False
Is 3781 a multiple of 199?
True
Is 24534 a multiple of 141?
True
Does 11 divide 4488?
True
Is 7 a factor of 9142?
True
Does 41 divide 16441?
True
Is 24 a factor of 4824?
True
Does 4 divide 1124?
True
Does 16 divide 9187?
False
Is 3 a factor of 272?
False
Is 7 a factor of 348?
False
Is 13 a factor of 18590?
True
Does 9 divide 1993?
False
Is 13 a multiple of 13?
True
Does 18 divide 2880?
True
Is 2380 a multiple of 34?
True
Is 12633 a multiple of 13?
False
Does 17 divide 6649?
False
Is 87 a factor of 522?
True
Is 12 a factor of 73?
False
Does 15 divide 1440?
True
Does 9 divide 9126?
True
Is 5608 a multiple of 4?
True
Is 200 a multiple of 13?
False
Is 6586 a multiple of 35?
False
Is 65 a multiple of 5?
True
Is 285 a multiple of 4?
False
Does 19 divide 2059?
False
Is 22 a factor of 726?
True
Does 33 divide 37995?
False
Does 73 divide 219?
True
Is 110 a multiple of 55?
True
Does 109 divide 49750?
False
Does 22 divide 4966?
False
Does 245 divide 4520?
False
Is 24 a factor of 9960?
True
Is 7435 a multiple of 26?
False
Is 55665 a multiple of 15?
True
Is 2157 a multiple of 9?
False
Is 5428 a multiple of 6?
False
Does 14 divide 90?
False
Is 85 a factor of 3740?
True
Is 854 a multiple of 61?
True
Is 8 a factor of 384?
True
Is 6372 a multiple of 43?
False
Is 8 a factor of 112?
True
Is 5 a factor of 11550?
True
Does 42 divide 24253?
False
Is 16124 a multiple of 16?
False
Does 12 divide 1116?
True
Does 21 divide 7476?
True
Is 2791 a multiple of 12?
False
Is 837 a multiple of 27?
True
Is 6 a factor of 3672?
True
Is 7 a factor of 687?
False
Is 3 a factor of 11491?
False
Is 1911 a multiple of 7?
True
Does 84 divide 84?
True
Is 1092 a multiple of 52?
True
Is 42 a factor of 2127?
False
Does 19 divide 52307?
True
Does 8 divide 816?
True
Is 16190 a multiple of 17?
False
Is 57 a factor of 27132?
True
Is 11721 a multiple of 21?
False
Does 4 divide 5823?
False
Is 258 a multiple of 4?
False
Is 1800 a multiple of 180?
True
Is 7 a factor of 2968?
True
Does 39 divide 1153?
False
Does 46 divide 736?
True
Does 21 divide 38346?
True
Is 3564 a multiple of 198?
True
Is 12 a factor of 3298?
False
Is 140 a multiple of 14?
True
Does 8 divide 13266?
False
Does 35 divide 6088?
False
Does 25 divide 1750?
True
Is 48 a factor of 1932?
False
Is 42 a factor of 1646?
False
Does 4 divide 338?
False
Does 96 divide 24768?
True
Is 3879 a multiple of 9?
True
Does 16 divide 4592?
True
Does 26 divide 1029?
False
Is 169 a factor of 17576?
True
Is 203 a multiple of 2?
False
Does 9 divide 369?
True
Does 83 divide 1162?
True
Is 37 a factor of 4588?
True
Is 13 a factor of 8632?
True
Is 451 a multiple of 41?
True
Is 9009 a multiple of 3?
True
Is 864 a multiple of 48?
True
Does 32 divide 20320?
True
Is 12 a factor of 1080?
True
Is 213 a multiple of 4?
False
Does 34 divide 85816?
True
Does 21 divide 8274?
True
Is 5 a factor of 21756?
False
Is 57 a multiple of 19?
True
Does 31 divide 36?
False
Is 17464 a multiple of 156?
False
Does 13 divide 1326?
True
Is 7 a factor of 11550?
True
Is 150 a factor of 3836?
False
Is 3008 a multiple of 15?
False
Does 15 divide 1557?
False
Is 14 a factor of 3653?
False
Is 4182 a multiple of 41?
True
Is 24 a factor of 240?
True
Does 5 divide 4520?
True
Does 12 divide 264?
True
Is 19 a factor of 380?
True
Does 3 divide 1381?
False
Is 30 a factor of 6082?
False
Does 2 divide 32?
True
Is 90 a multiple of 5?
True
Does 11 divide 7812?
False
Does 17 divide 2410?
False
Does 5 divide 3405?
True
Is 604 a mult